 = -v**2 + 6*v + 12 - 4*v + 2*v. Let z be x(l). Let w(s) = s - 5. What is w(z)?
-5
Let r be 69 - ((-57)/95 + (-4)/10). Let o(y) = 136*y - 65*y - r*y. Give o(-4).
-4
Let q(n) = 2*n**2 + 3*n - 35. Suppose 16*w + 70 = -26. Give q(w).
19
Let l(i) be the first derivative of 108 - 1/3*i**3 - 5*i - 4*i**2. What is l(-9)?
-14
Suppose -128*o + 130*o + 44 = -2*m, -5*o = -2*m + 61. Let i(n) = n**2 + 18*n + 49. Calculate i(o).
4
Let v(h) = 6*h + 8. Let k(j) = 2*j + 3. Let d(g) = -8*k(g) + 3*v(g). Let u = -5714 - -5722. What is d(u)?
16
Let u(d) = 74*d + 4. Let b be u(0). Let q(x) = -x**3 + 4*x**2 - x + 7. Determine q(b).
3
Let z(w) be the second derivative of -w**4/2 + 4*w. Let o = 700 + -701. Determine z(o).
-6
Let y(x) be the second derivative of -7*x**4/12 - x**3/3 + x**2 - 41*x. Let a(l) = -13*l**2 - 3*l + 4. Let f(h) = -6*a(h) + 11*y(h). Determine f(4).
-2
Let h(f) = -103*f + 99*f - 3 - 1. Let a(i) = 2*i**2 - 13*i. Let n be a(6). Calculate h(n).
20
Suppose -3*h = -10*h + 77. Let a = -17 + h. Let j(s) be the third derivative of s**4/24 + s**3 + s**2. What is j(a)?
0
Let b(r) = -r**2 - 4*r + 8. Let j(d) = d**3 + d - 1. Let s be j(1). Let i be (21/42)/(s/(-10)). Calculate b(i).
3
Let f(r) = 15*r - 11*r**3 - r**2 + 17*r - 15*r - 12*r - 6*r. Let x(q) = -q**2 + q + 2. Let a be x(2). Suppose a*g = -2*g - 2. Give f(g).
11
Let a = -52 - -56. Let g(s) = -128*s + a + 137*s + 4 + s**2. Give g(-8).
0
Let u(z) = -2*z**2 + 2*z - 6*z**3 - 9*z**2 + 11*z**2 - 1. Suppose -i - 2*i + 3*j = -12, -9 = 3*j. Calculate u(i).
-5
Suppose -o = 4*o + 10, 5*r + o = 3. Let b be -3 + r + 12 + -10. Let t(j) be the first derivative of j**3/3 + j**2/2 - 8*j + 10. Calculate t(b).
-8
Let i = 2064 - 2061. Let h(d) = -d**2 - 2*d + 3. What is h(i)?
-12
Suppose 4*o = -39*o + 129. Let n(h) = 34*h + o + 27*h - 62*h. Determine n(-3).
6
Suppose 19*u = 3*m + 22*u - 33, 35 = m + 5*u. Let s(i) be the third derivative of -13*i**2 + 0*i + 0*i**4 + 0 + 1/60*i**m - 3*i**3. Determine s(0).
-18
Let h(d) be the first derivative of d**7/840 + d**6/60 + d**5/20 + 7*d**4/24 - 304*d**3/3 + 247. Let z(y) be the third derivative of h(y). Calculate z(-5).
2
Let o(g) = -10 - 5 + 7*g**2 + 3*g + 3 + g**3 + 5 + 13. Let k be ((-56)/16)/(1/2). What is o(k)?
-15
Let b be (-5750)/(-1125) + (-10)/9 - 15. Let x(w) = 11 + 3*w + w - 3*w. Determine x(b).
0
Let i(r) = 28*r - 73. Let x be i(12). Let y(c) = -3*c + 260 + 0*c - x. Determine y(-3).
6
Let v(u) = -1. Let j(b) = b - 30. Let w(i) = j(i) - 3*v(i). Determine w(36).
9
Suppose 5*b - 16 = 3*d, -6*b + 4*b + 4*d = 2. Suppose 24*i - b*i = -95. Let o(p) = p - 2. Give o(i).
-7
Let y(b) = -b - 1. Suppose 0 = -2*j - 5*j - 70. Let k(n) = -n**3 - 9*n**2 + 11*n + 5. Let c be k(j). What is y(c)?
4
Let o(z) = -z**2 - z + 1. Let m be o(0). Let u(t) be the second derivative of 1/2*t**2 + 0*t**3 - 55*t + 0*t**4 - 23/20*t**5 + 0. Calculate u(m).
-22
Let a(z) be the third derivative of -z**6/360 - z**5/10 - z**4/4 + z**3/6 + 12*z**2 - 2*z. Let l(s) be the first derivative of a(s). Give l(-12).
-6
Let l(m) = 926*m + 1 - 8 - 935*m + m**2. Determine l(-2).
15
Let v(t) be the first derivative of 5 - 1/2*t**4 - 2*t - t**2 + 2/3*t**3. Determine v(2).
-14
Let i(j) = -j**3 - j**2 - j. Let r(f) = -f + 8. Let o be r(3). Suppose 0 = -o*z + 3*g + 25, 0 = -4*z - z + 5*g + 35. Let n be 4 - 4 - z/2. Determine i(n).
1
Let q = 759 + -178. Let j(h) = 1160 - 580 - q + 4*h. Let m be (8/(-6))/((-2)/(-9)). Give j(m).
-25
Let n(k) = 6*k + 7. Let s(i) = 94*i + 111. Let t(u) = -16*n(u) + s(u). Let c(y) = 2*y + 7. Let g be c(-5). Determine t(g).
5
Let u(w) = w**2 + 63*w - 229. Let b be u(-66). Let s(n) = -n**3 - 30*n**2 + 31*n + 4. Calculate s(b).
4
Let q(n) be the third derivative of -5*n**2 - 1/3*n**3 - 1/6*n**5 + 2 - 1/4*n**4 - 1/120*n**6 + 0*n. Give q(-9).
-29
Suppose 5*n - 4*l + 160 = 183, 2*l = 5*n - 19. Let g(r) be the first derivative of -16 + 1/3*r**n + 2*r**2 - 5*r. Determine g(-6).
7
Suppose 2*y - 3 = -y - 4*g, -2*g - 21 = -3*y. Let c(u) = 497063*u - 497056*u + 3 + 3. Calculate c(y).
41
Let q(a) = a - 26. Let g be q(31). Suppose -3*c - g*d + 28 = 0, 5*d = -5*c + d + 38. Let j(x) = -x**3 + 5*x**2 + 7*x - 1. Give j(c).
5
Let q = 1125 - 1130. Let p(s) = 2*s**2 + 15*s - 12. Give p(q).
-37
Let c = 2908 + -2906. Let q(j) be the second derivative of 1/6*j**3 + j**c + 20*j + 0. Calculate q(4).
6
Let k = 228 + -164. Let x(b) = -63*b**2 - b - b + k*b**2 + 2. Let f be -8*((-18)/4 + 4). Give x(f).
10
Let u be 2/(-5) + (-656)/(-40). Let g = u - 15. Let f(t) be the third derivative of -t**5/6 - t**3/6 + 222*t**2. Calculate f(g).
-11
Let z(j) = -j**3 + 4*j**2 + 3*j - 7. Let o be 232/12*(-99)/(-6). Let q = -314 + o. What is z(q)?
-17
Let p(d) be the second derivative of -d**4/4 + 9*d**2/2 + 1544*d - 2. What is p(4)?
-39
Let n(d) = 4*d + 22. Let w be n(-5). Suppose -4*y + 8 = 2*g, 0 = -7*g + w*g - 2*y + 44. Suppose g - 9 = u. Let j(t) = 26*t - 1. Determine j(u).
25
Let t(n) = -2*n + 3. Let m = -36 - -54. Let w be (-4)/m + 368/36. Let o be w*(-2 + 48/20). Calculate t(o).
-5
Let a(d) = 2*d**3 + 9*d**2 - 5*d - 1. Let z = 337 + -340. Let q be 10*(z + 6/(12/5)). What is a(q)?
-1
Let n = 4 + 0. Let p(y) = -2*y**2 + 2*y - 1. Let f(r) = -7*r**2 + 7*r - 8. Let v(b) = f(b) - 4*p(b). Calculate v(n).
8
Let z(n) = 148*n**2 + n**3 - 2*n - 84 - 51*n**2 - 48*n**2 + n - 50*n**2. Calculate z(0).
-84
Let y(h) be the third derivative of h**4/24 + 3*h**3/2 - h**2. Suppose 2*l - 1244 + 1236 = 4*i, i + 46 = -5*l. Determine y(l).
1
Let f(p) = 5*p**2 + 6*p - 2. Let r be ((-72)/30 + 3)/(3/45). Let c(h) = -11*h**2 - 13*h + 4. Let j(n) = r*f(n) + 4*c(n). Give j(-3).
1
Let g = -249 - -253. Suppose 4*n + 14 = 2*l, -2*l - g*n = -0*l - 6. Let j(k) = -k + 4. Give j(l).
-1
Let g(i) = -5 + 3 + 3 - 2175*i + 2177*i. What is g(-2)?
-3
Let l(x) = -62*x - 55*x + 2 - x**2 + 161*x - 54*x. Let d = -11 - -26. Let f be (-147)/d + 20/25. Calculate l(f).
11
Suppose 13 - 3 = -5*g. Let k(f) = -14 + 9 - 25*f - 17. Let p(v) = -6*v - 5. Let q(r) = -4*k(r) + 18*p(r). Give q(g).
14
Suppose s = 3 + 4. Let u(g) be the third derivative of 0*g - 5/24*g**4 - 254*g**2 + 1/60*g**5 + 0 + 3/2*g**3. Determine u(s).
23
Let w be 168/(-18)*(24/(-14))/((-7)/(-14)). Let s(b) = -b**3 + 32*b**2 + 4*b - 138. What is s(w)?
-10
Suppose 38*u = 57*u - 28*u. Let s(g) be the third derivative of 3/2*g**3 + 13*g**2 + u - 1/24*g**4 + 0*g. What is s(5)?
4
Let z be 3/2 - 2/(-4). Let u(m) = 21*m**2 - 8*m - 20. Let p(n) = -14*n**2 + 6*n + 14. Let s(r) = 7*p(r) + 5*u(r). Give s(z).
30
Let n(x) = -8527*x + 25597*x + 8 - 8533*x - 8532*x. Let s be 1*-8*(-2)/(-4). Determine n(s).
-12
Let v be 160/90 - 6/(-27). Let p(h) = 3*h - 3. Give p(v).
3
Let m(h) be the third derivative of -1/30*h**5 + 0 + 0*h + 1/4*h**4 - 2/3*h**3 - 2*h**2. Let c = 0 + 4. Calculate m(c).
-12
Suppose 0 = -8*r - 85 + 109. Let q be r/2*6/(-9). Let i(w) = -4*w + 3 - 6 + 2. Determine i(q).
3
Suppose 0 = 14*a - 17*a + 273. Let c(g) = a - g - 176 + 89. Determine c(0).
4
Let k be 7 - (-30)/18*(-12)/20. Suppose -k*g - s = -3*g + 2, 3*s - 22 = 5*g. Let o(t) = -t**2 - 2*t + 4. Calculate o(g).
4
Let i = 7 + 5. Suppose -21 = i*a - 5*a. Let k(g) = -g**2 - g. Give k(a).
-6
Let h(y) be the third derivative of -y**5/60 - 7*y**4/24 + y**3/3 + y**2. Suppose 10 = -5*c, 10*j = 8*j - 4*c - 18. Determine h(j).
12
Let m(u) = -2*u**2 + 0 - 3 - u - u**3 + 4*u**2. Let r = -2383 - -2386. Determine m(r).
-15
Let j(q) be the third derivative of q**6/30 - q**4/24 + q**3/6 + 2*q**2. Let u = -16979 - -16980. Determine j(u).
4
Let m(t) = t**2 - 14*t - 23. Suppose -2*y + 23 = 13*i - 12*i, 5*y - 65 = -3*i. Give m(i).
-8
Let x(q) = -7*q + 13. Let w(b) = -5*b + 11. Let t(c) = -2*c**2 - 14*c - 10. Let y be t(-6). Let o(v) = y*x(v) - 3*w(v). Calculate o(-8).
-15
Let h(l) = 4*l**2 - 14*l + 35. Let p be h(9). Let d = p + -234. Let f(a) = -a + 1. What is f(d)?
2
Suppose 0 = -9*r + 10*r - 7. Let s(t) = -6 - 12 + 29 - 8*t + t**3 + 7*t**2 - r. Suppose 4*z = -3*k - 44, 3*k + 5*z - 7 = 7*k. What is s(k)?
4
Let a(s) = -12*s - 433. Let r(n) = -5*n - 174. Let t(i) = 4*a(i) - 10*r(i). Suppose 3*h + 50 = -5*o, 0 = 4*o + 4*h + 47 + 1. Calculate t(o).
-6
Let g(i) be the second derivative of i**7/315 + i**6/240 + i**5/40 - 73*i**4/12 - 36*i - 1. Let c(h) be the third derivative of g(h).